 + 5 + -3 + (-20 - (-5 - 8)).
-6
What is -3 - (18 + 1 + 3 + -11 + -4)?
-10
Evaluate -16 + (34 + -14 - 12).
-8
What is -8 - (-7 - (5 - 7)) - (-6 + 9)?
-6
Evaluate -4 + (-6 - -3 - (23 - 55)).
25
Calculate (51 - 66) + (2 - -5).
-8
What is the value of -28 + 28 + 16 + 0 + -12 + 23?
27
16 + -6 + -17 + 3
-4
Calculate 21 + (23 - 53) + 14 + -1 - -28.
32
What is -3 + (13 - (-13 - -3 - -5 - -6))?
9
What is -1 + 5 + -28 + 64 + -49?
-9
Evaluate (15 - 9) + 6 - (5 - (3 + -2)).
8
Evaluate (1 - 11) + (40 - (4 + 39)).
-13
What is 17 - (-4 - -6 - (4 - 2))?
17
Evaluate 6 + 2 - (-8 + 12 + 11).
-7
Evaluate 12 + 6 + (9 - 25).
2
-9 + (-9 - -23) + 2 + 4
11
Evaluate -2 - (1 + -3 - (-5 + (23 - 28))).
-10
(-19 - 0) + 1 + 40 + -43 + 10
-11
-2 + (-3 - -5) - (-24 - -31)
-7
What is the value of 5 + (-8 - (-14 + 2)) - 26?
-17
What is the value of -5 + (8 - 7 - (-30 - -26))?
0
What is -9 + -2 + -5 - -27?
11
What is (-7 - (-1 + -3)) + -24 + 27?
0
What is -8 + (-2 + 9 - 20) + 12?
-9
What is the value of -21 - -24 - -15 - (2 - 0)?
16
What is the value of -4 + (-2 + 12 - 9) - -12?
9
Evaluate -11 + 11 + 5 - (-8 + -5).
18
-4 + (3 - (16 - 0))
-17
Evaluate 3 + 5 + (10 + 5 + -10 - 28).
-15
(1 - 3 - -6) + 3 + 30 + -20
17
What is (-51 - -34) + 8 - (-14 + -1)?
6
-29 + 38 + -11 + (3 - (0 - -1))
0
What is (-9 - -7) + 6 + (16 - 7) + -4?
9
Evaluate (11 - (-16 - (-27 - 3))) + 1 + 27.
25
What is the value of 64 - (24 - 7) - 40?
7
What is the value of (-20 - -29) + (12 - 18)?
3
0 + 7 - (5 - 3 - 0)
5
What is the value of (-14 - (-2 - 21)) + (-1 - -2)?
10
Evaluate -25 + 0 + 6 + (-12 - -6) + 7.
-18
What is the value of 6 + -13 - (-2 + 0)?
-5
What is (-22 - -1) + -24 + (11 - (-4 + -5))?
-25
Evaluate 11 - (23 + (-20 - -14)).
-6
Calculate -6 + 5 - (8 + -9) - -7 - 13.
-6
Evaluate (18 - 10) + (-4 - (-14 - -5)).
13
What is (-5 - 5) + 3 + (5 - 6) + 3?
-5
Calculate 11 + (-6 - (5 - 3)) + 0.
3
10 + -29 + 15 + (-9 - 19)
-32
Evaluate -153 + 146 - (-7 + 1).
-1
Evaluate -14 + 14 + 1 + 3 + -3.
1
What is the value of -13 + 0 - (-170 + 169)?
-12
What is the value of 17 + -18 - 8 - -13 - -15?
19
(-49 - -39) + 3 + (0 - 21)
-28
What is the value of 3 - 17 - (11 - 10)?
-15
Evaluate 24 - 17 - 43 - -1.
-35
(15 + -2 - 34) + 23
2
3 - (4 + -18) - (25 + -16)
8
What is the value of -30 - (-26 + -6 + 11)?
-9
What is 13 + (1 + -5 - 15) + -9?
-15
Evaluate (-9 - (-4 + -1 - (0 + -3))) + -16.
-23
Evaluate -3 + (31 - (1 - -35)).
-8
-2 - 19 - -3 - ((-18 - -11) + -2)
-9
What is -11 - (-11 - (-3 + -7 + 3))?
-7
What is 4 - (10 - 3 - 3) - 10?
-10
Calculate 0 + 8 + (-19 - (0 - 20)) + 13.
22
Calculate -13 - (17 + 11 - 37).
-4
Calculate 8 + -21 - -31 - 10 - -5.
13
What is the value of -3 + -24 - (-12 - 13)?
-2
What is the value of -25 + (43 - 21) - -7?
4
0 + -1 + 1 + (-22 - -13)
-9
(-2 - 7) + 7 + (-3 + -2 - -3)
-4
What is -2 + -33 - (-1124 - -1064)?
25
What is -33 + -109 + 119 + (9 - -1)?
-13
Calculate -27 + 40 + -20 + -1 + 14.
6
Calculate 13 + -15 + 13 + 2.
13
Evaluate 7 + -4 + -4 - -22 - (18 - 25).
28
(3 + -1 - 13) + 8
-3
Calculate (-3 - 2) + (-4 + (0 - 4) - -2).
-11
-29 + (-14 - -17) + (-5 - 2)
-33
What is the value of -2 + (-3 + 10 - 6) + 11 + 6?
16
-6 + (0 - (10 - -1))
-17
110 + -120 + 4 + -1 + 20
13
Evaluate (49 - 63) + (4 - (1 + -4 - 0)).
-7
What is (-3 + -2 - 19) + 8 - (-4 - 0)?
-12
(-12 - (-22 + 2)) + 0
8
Calculate -1 - 1 - ((-46 - -71) + (-3 - 10)).
-14
Evaluate 4 + -36 + 27 + -18 - -9.
-14
Evaluate (1 - 0) + 18 - (-186 - -194).
11
What is -7 + 15 + (8 - 16) + -1?
-1
What is the value of (13 - 0) + (36 - (-4 - -73))?
-20
What is 85 - 76 - (2 + 1) - -5?
11
What is 10 + (14 - (-4 - -25))?
3
What is the value of (-19 + 24 - 10) + 1 + -9?
-13
Calculate 4 + -3 + (-4 - -2 - -3).
2
-6 - (-12 + (-7 - (-3 - 8))) - 15
-13
10 + (-14 - -1 - 3) - -24
18
Calculate -25 - (-8 + (17 - 12)).
-22
Evaluate 2 + -4 + -6 - (7 - 10 - -12).
-17
15 + (22 - -2) + -47
-8
Evaluate 1 + -2 - (-20 - -18) - (-2 + -3).
6
What is (4 - 10) + 7 + (23 - 12)?
12
What is the value of 1 - (38 + -35 - (-12 + 1))?
-13
What is the value of 0 + -8 - (-5 + -8)?
5
12 - (-14 + (23 - -15))
-12
Calculate (-12 - (16 + -28)) + 17.
17
Evaluate (-3 - -12 - 2) + -3.
4
What is (6 - -16 - 10) + -11 - (-6 - -18)?
-11
What is -20 + 0 - (0 + -13)?
-7
(-126 - -139) + -31 + -4
-22
What is 7 - (8 + -6 + 2) - (10 + 2)?
-9
Calculate -5 + 5 + (0 - -8).
8
Calculate (5 - 16) + (10 + 0 - -1).
0
-12 - (-4 + -1 + 2 + 9 + -5)
-13
What is the value of 2 + (21 + -31 - (-3 + -32))?
27
What is the value of 10 - 3 - (-5 - (11 - -4))?
27
What is the value of -19 + -3 + 11 + 0 + 25?
14
What is (1 - 2) + (3 - (4 + -6)) - 12?
-8
What is the value of 0 + (8 - (7 - 5)) + 6?
12
Evaluate (-194 - -205) + 13 + (-3 - -3).
24
What is the value of (564 - 543) + 0 + -21?
0
What is the value of -13 + (7 - (-41 + 43 + (1 - 0)))?
-9
(50 - (58 + 4)) + (1 - -14)
3
What is -4 - (11 + 2) - -24?
7
2 + -10 + 11 + (9 - 3)
9
What is the value of -2 + 19 + -9 - (-6 - 13)?
27
What is -6 + -11 + 10 + 28 + -9?
12
Evaluate -143 + 131 + 3 + -5 + 48.
34
8 - (8 - -2 - 10)
8
Calculate -39 - (-27 + (-6 - -16)).
-22
73 + 1 + -47 + -6 + 0
21
Evaluate 13 - (-23 - 3 - (2 + -14)).
27
What is the value of -4 + 8 - 2 - 15?
-13
13 + -17 + 18 - -6
20
What is 9 + -3 + 2 + -6 - (-6 - -5)?
3
Calculate -1 - 0 - ((-1 - (-11 - -4)) + -5).
-2
-6 - (6 - (-5 + 4))
-13
What is -14 + (-22 - -5) + 31?
0
Calculate -6 - ((-3 + -2 - (3 + -2)) + 7).
-7
What is the value of (-34 + 31 - 28) + 25?
-6
-21 + -1 + 11 + 10
-1
-6 + -14 + 5 + -4 + -19 + 27
-11
Evaluate (1 - (-17 - -13)) + -14.
-9
What is the value of 42 + -59 + 31 + 2 + 14?
30
What is 109 + -87 + -16 + (9 - 3)?
12
Evaluate (-3 - -2 - 2 - (-413 + 418)) + 10.
2
What is the value of 6 - -16 - (6 - 10 - -15)?
11
What is 21 + -4 - ((-2 - -6) + -1)?
14
Evaluate 11 + (-9 - 12) + -5.
-15
What is -26 + 7 + (0 - (3 + 0 + -2))?
-20
What is -27 + 16 + -13 + 10?
-14
What is 5 + -2 + (4 - 1) + -9 + 0?
-3
8 + (-3 - -12) + -2 + -7
8
What is -5 + 26 + 15 + -24 + -4?
8
What is the value of (-11 + 73 - 23) + -68?
-29
Calculate (0 - 3) + 1 + -13 + 9 + 23.
17
(-205 - -186) + (-6 - (-14 + 5))
-16
Evaluate -18 - (-9 + -4 + 0).
-5
What is 1 + 6 + 3 + 1 + (-16 - -2)?
-3
Calculate -44 - (17 + -8 + 6 + -12 + -12).
-35
What is the value of 6 + (6 - 5) - (11 + -7)?
3
Calculate -14 + -4 - (-74 - -35).
21
4 + (5 - (13 + 22))
-26
Calculate (-1 - 22) + 1036 + -1011.
2
Calculate (6 - -1) + (14 - 43 - -7).
-15
Calculate 6 - 0 - (-43 - -34).
15
Calculate 1 - -6 - 8 - (0 - -12 - 3).
-10
What is (-3 - -17) + (12 - 19) - (-3 + -10)?
20
Evaluate (1 + 7 - 21) + 23 + 0 + -1.
9
What is 1 - 10 - (-20 + 29 - 7)?
-11
Evaluate 3 - (53 + -11 + -13) - -15.
-11
Evaluate -53 + 55 - (3 + 0).
-1
What is 18 - (-6 - ((-1 - 11) + 10))?
22
6 - (2 + -11 - (-8 - -4))
11
Evaluate 32 + -25 - (8 + -9 + -6 - 6).
20
What is the value of (-2 - (-12 - (3 + 2))) + -8 + 1?
8
-8 + 2 + 450 + -444
0
Evaluate (-4 - (-3 + -10)) + -5 + -10.
-6
Calculate -1 - ((16 - -12) + -22).
-7
Evaluate -5 + 20 + -1 + 1.
15
Calculate 17 - (-39 + (35 - 7)).
28
-7 + (-9 - (2 + 3 + 10 + -32))
1
Evaluate -8 + 12 + (-21 - -21).
4
What is -322 + 314 + 1 + -1?
-8
What is 1 + 3 + (5 - (7 + -5 + 0))?
7
-6 + ((4 - -1) + -3 - (-1 + 2))
-5
What is the value of (-3 - 3) + 8 + 4 - -4?
10
Calculate (0 - (-10 + 5) - 0 - 0) + -12.
-7
What is (-2 - (13 + -32)) + -4 + 0 + 9?
22
Calculate -1 + -32 + (18 - 3) + -22.
-40
Evaluate 2 - (-5 - (-9 + (-8 - -5))).
-5
Evaluate -19 + (-23 - -24) + (6 - 1).
-13
Evaluate -4 + -2 + 7 - (14 - 4).
-9
0 - -9 - (-111 + 127)
-7
What is the value of -56 + 25 - (5 + -21)?
-15
What is the value of -20 - (4 - (25 + -5))?
-4
What is 11 - (38 + -28 - 26)?
27
What is the value of -12 - (10 + (-30 - -19))?
-11
(15 - 2) + -16 + 1
-2
Calculate -26 - ((33 - 28) + -6).
-25
What is the value of -15 - (-28 + 0) - 33?
-20
-33 + 0 - ((-11 - -16) + 8 + -9)
-37
What is the value of 1 - (6 - 8 - -17) - (0 + -1)?
-13
Calculate -33 - (-24 + -4) - 17.
-22
What is 13 - (1 + 4) - (-115 + 136)?
-13
Calculate -44 + (26 - 26) - -37.
-7
2 + (0 - 3) + 22 + -10 + -9
2
-50 + 43 + -1 + 12
4
Calculate 28 + -28 + (5 + -3 - -4) - -3.
9
What is (5 - 15 - (6 - (16 + -6))) + 2?
-4
(1 - -9) + 16 + -16 + -2 + 1
9
What is the value of (3 - -5) + (-4 - 0 - (-3 - 1))?
8
2 + (-16 - -2) - (-3 + 21)
-30
-4 - (2 - 3) - (